)?
120
Let u(m) = 9*m**2 + 24*m + 88. What is u(-5)?
193
Let g(a) = a**2 - 101*a + 946. Give g(11).
-44
Let s(b) = -1689*b - 6800. What is s(-4)?
-44
Let m(k) = 7*k**2 + 4*k + 9. Determine m(-5).
164
Let p(g) = -42*g**3 + 4*g**2 + 15*g - 15. Determine p(1).
-38
Let s(p) = -p**3 - 9*p**2 - 12*p + 13. What is s(-8)?
45
Let t(j) = j**3 - 33*j**2 + 1039. Calculate t(32).
15
Let n(r) = -1352*r - 35148. Give n(-26).
4
Let t(c) = -c**2 - 87*c - 1839. Calculate t(-35).
-19
Let y(o) = 12*o**2 - 177*o + 691. What is y(4)?
175
Let n(d) = -2*d**2 + 177*d + 4469. Calculate n(109).
0
Let l(r) = 8*r**2 + 798*r - 183. Calculate l(-100).
17
Let n(y) = 6*y**2 + 112*y + 113. What is n(-17)?
-57
Let u(t) = -t**3 + 9*t**2 - 18*t - 15. What is u(3)?
-15
Let t(g) = -2*g**2 - 56*g + 209. What is t(-34)?
-199
Let v(k) = k**3 + 19*k**2 + 35*k + 170. What is v(-17)?
153
Let z(p) = -p**3 - 10*p**2 - 12*p - 175. Calculate z(-9).
-148
Let d(u) = -1156*u + 8220. Give d(7).
128
Let q(y) = y**2 - 551*y - 11405. Determine q(-20).
15
Let k(j) = 59*j + 12159. Determine k(-206).
5
Let y(d) = 16*d - 133. Give y(8).
-5
Let g(t) = 73*t - 3298. Determine g(45).
-13
Let c(j) = -113*j + 283. What is c(6)?
-395
Let x(c) = -25*c**2 + 78*c + 7. What is x(4)?
-81
Let g(d) = -d**2 - 35*d - 44. What is g(-7)?
152
Let v(s) = -18*s**2 + 36*s - 5. What is v(3)?
-59
Let x(m) = -2*m**3 - 11*m**2 + 241*m + 1415. Give x(-6).
5
Let j(b) = -95*b - 394. What is j(-4)?
-14
Let k(o) = -o**3 - 46*o**2 + 259*o + 62. Calculate k(-51).
-142
Let n(f) = -7*f**3 + 23*f**2 - 23*f + 60. What is n(3)?
9
Let a(z) = -z**2 + 437*z - 47661. Determine a(209).
-9
Let g(l) = -210*l - 13668. Determine g(-65).
-18
Let u(t) = -t**2 - 43*t - 454. Determine u(-24).
2
Let f(q) = -q**3 - 10*q**2 + 328*q + 3295. Give f(-10).
15
Let a(l) = 109*l + 55. Calculate a(-2).
-163
Let y(l) = 6194*l + 43364. What is y(-7)?
6
Let g(k) = -k**3 - 9*k**2 + 50*k - 20. Determine g(-13).
6
Let i(j) = j**2 - 33*j - 43209. Calculate i(225).
-9
Let k(t) = -603*t - 42799. What is k(-71)?
14
Let r(z) = -3*z**2 - 46*z + 539. What is r(-23)?
10
Let k(j) = -12*j**2 + 239*j - 1001. Determine k(14).
-7
Let b(n) = -11*n**2 - 5*n - 9. What is b(0)?
-9
Let g(j) = j**3 - 22*j**2 + 117*j + 6. What is g(9)?
6
Let k(l) = -2*l**3 + 10*l**2 - 17*l + 56. Calculate k(6).
-118
Let y(q) = q**3 - 19*q**2 + 99*q - 116. What is y(11)?
5
Let c(d) = -22*d**3 - 304*d**2 - 229*d + 69. What is c(-13)?
4
Let x(i) = i**3 + 22*i**2 - 23*i + 60. Give x(-23).
60
Let z(m) = 23*m**2 + 17*m + 1. Give z(-1).
7
Let l(z) = 737*z - 6593. What is l(9)?
40
Let w(f) = f**3 - 10*f**2 - 5*f + 154. What is w(8)?
-14
Let a(h) = -h**3 - 12*h**2 + 49*h + 576. Determine a(-12).
-12
Let b(s) = -35*s**2 - 619*s - 937. What is b(-16)?
7
Let m(y) = -8*y + 486. Calculate m(61).
-2
Let h(k) = -245*k - 8093. Determine h(-33).
-8
Let g(k) = -3458*k + 58778. Determine g(17).
-8
Let n(a) = -a**3 + 19*a**2 - 14*a + 21. Calculate n(19).
-245
Let m(z) = -2*z**3 - z**2 + 3*z + 70. What is m(0)?
70
Let a(d) = -7462*d - 22386. Give a(-3).
0
Let z(m) = m**2 + 44*m + 346. Give z(-10).
6
Let i(f) = 24*f + 550. Give i(-24).
-26
Let p(m) = m**3 + 9*m**2 + 8*m + 29. What is p(-8)?
29
Let v(b) = b**3 + 3*b**2 - 14*b - 278. Calculate v(0).
-278
Let l(j) = -3*j**2 - 92*j + 2. What is l(-28)?
226
Let l(r) = 115*r - 1037. Give l(9).
-2
Let a(x) = 2977*x + 2994. What is a(-1)?
17
Let c(n) = -5*n**3 - 143*n**2 + 209*n + 44. What is c(-30)?
74
Let w(g) = 2*g**2 + 78*g + 335. What is w(-34)?
-5
Let i(w) = w**3 - 19*w**2 - 18*w - 99. Determine i(20).
-59
Let f(j) = -246*j - 6880. Give f(-28).
8
Let h(m) = -8*m**2 + 614*m + 143. Calculate h(77).
-11
Let l(f) = 43*f**2 - 88*f + 88. Calculate l(1).
43
Let s(x) = 76*x + 528. Determine s(-6).
72
Let m(t) = 119*t - 707. Determine m(6).
7
Let q(r) = 34*r**3 - 577*r**2 - 11*r - 99. Determine q(17).
3
Let l(f) = -f**3 - 16*f**2 - 56*f + 5. What is l(-6)?
-19
Let f(m) = -m**2 + 4*m + 115. Determine f(12).
19
Let k(x) = -31*x - 1464. Calculate k(-45).
-69
Let j(k) = -4*k**3 + 30*k**2 + 19*k - 10. What is j(8)?
14
Let f(o) = -o**2 + 30*o - 224. What is f(7)?
-63
Let l(r) = 38*r**2 + 193*r + 5. Give l(-5).
-10
Let q(v) = -92*v + 646. What is q(7)?
2
Let p(g) = -3*g**3 + 12*g**2 + 9*g - 38. Determine p(4).
-2
Let l(g) = -g**2 - 125*g - 3504. What is l(-82)?
22
Let d(m) = -4*m**3 - 4*m**2 - 7*m + 5. Calculate d(-2).
35
Let s(z) = z**2 - 46*z + 233. Determine s(36).
-127
Let g(z) = -1033*z - 6206. Determine g(-6).
-8
Let h(a) = -56*a - 303. Determine h(-5).
-23
Let o(q) = -63*q - 70. Give o(-1).
-7
Let z(q) = 25*q + 332. What is z(-13)?
7
Let d(j) = j**3 - 37*j**2 + 2*j + 109. What is d(37)?
183
Let j(k) = 4*k**3 + k**2 - 3*k + 2. Determine j(-2).
-20
Let n(k) = 13*k + 785. What is n(-31)?
382
Let g(k) = 331*k + 2806. Calculate g(-8).
158
Let b(c) = c**3 + c**2 - 8*c - 17. What is b(3)?
-5
Let t(s) = -3*s**2 - 632*s - 13283. Calculate t(-187).
-6
Let q(v) = 8*v**2 - 463*v - 2341. Determine q(-5).
174
Let c(t) = 76*t**2 + 53*t - 1. Determine c(-1).
22
Let l(p) = -30*p**3 - 14*p**2 - 24*p - 3. Determine l(-2).
229
Let x(c) = -268*c - 553. Determine x(-2).
-17
Let x(g) = -6*g**2 + 73*g - 132. Give x(9).
39
Let m(l) = -14*l + 884. Calculate m(62).
16
Let v(d) = -2*d**3 - 262*d**2 + 284*d + 2657. Calculate v(-132).
17
Let w(f) = -174*f + 1743. Determine w(10).
3
Let s(y) = 2*y**2 - 126*y + 1107. Give s(53).
47
Let y(w) = -2*w**3 - 16*w**2 - 3*w + 5. Determine y(-6).
-121
Let f(t) = 19001*t + 20. Determine f(0).
20
Let u(x) = -119*x - 6121. Give u(-52).
67
Let y(v) = -580*v + 1136. What is y(2)?
-24
Let t(h) = h**3 - 8*h**2 + 19*h - 9. What is t(4)?
3
Let t(q) = -18*q**2 + 452*q - 24. Determine t(25).
26
Let n(u) = -u**2 + 23*u + 11. Calculate n(24).
-13
Let b(n) = -24*n - 74. Calculate b(-12).
214
Let z(w) = 219*w + 8541. Calculate z(-39).
0
Let h(k) = -k**3 - 20*k**2 - 31*k - 5. Give h(-11).
-753
Let a(t) = -2*t**2 + 881*t + 3567. Give a(-4).
11
Let p(q) = -4*q**3 + 14*q**2 - 16*q + 66. Calculate p(6).
-390
Let y(o) = -13*o + 43. Determine y(8).
-61
Let t(g) = -7*g**2 - 3*g + 9. Give t(-5).
-151
Let w(n) = -n - 35. Give w(66).
-101
Let a(j) = -j**2 - 155*j + 1831. Give a(-166).
5
Let d(f) = 13*f + 234. Calculate d(-2).
208
Let r(a) = 308*a + 8468. Give r(-27).
152
Let b(r) = 12*r**2 + 181*r + 192. Give b(-14).
10
Let u(l) = l**2 + 21*l + 68. Give u(-7).
-30
Let k(v) = 212*v - 274. What is k(1)?
-62
Let p(f) = -83*f + 332. Determine p(4).
0
Let v(t) = 20*t - 22. Determine v(-8).
-182
Let o(a) = a**3 - 21*a**2 + 42*a - 84. What is o(19)?
-8
Let x(h) = -152*h + 909. Calculate x(6).
-3
Let p(d) = 3*d**2 - 55*d - 890. What is p(-14)?
468
Let k(r) = 7*r**2 - 25*r + 2. What is k(8)?
250
Let i(p) = 23*p + 34. Give i(-10).
-196
Let s(i) = 15594*i + 2. Give s(0).
2
Let k(x) = -273*x - 1912. Give k(-7).
-1
Let w(g) = -8*g**2 + 116*g - 243. Calculate w(12).
-3
Let k(i) = 29*i - 435. Give k(-9).
-696
Let s(l) = -8*l + 5. Calculate s(28).
-219
Let k(p) = -p**3 - 47*p**2 + 1172*p + 147. Determine k(-65).
17
Let d(p) = p**2 + 11740*p - 17. What is d(0)?
-17
Let j(t) = -3*t**3 - t**2 - 42*t + 42. What is j(1)?
-4
Let h(q) = -q**3 + 13*q**2 - 32*q + 173. What is h(11)?
63
Let f(k) = 7*k**2 - 606*k - 1514. Calculate f(89).
-1
Let y(t) = -353*t - 2377. Calculate y(-7).
94
Let i(h) = -28*h + 590. Give i(12).
254
Let k(t) = 4*t**2 - 20*t + 70. Give k(5).
70
Let d(q) = 4*q**2 - 3*q - 8. Determine d(4).
44
Let z(j) = j**2 - 37*j - 100. What is z(39)?
-22
Let f(h) = -33*h - 76. What is f(4)?
-208
Let y(u) = -u**2 + 61*u + 418. Give y(-6).
16
Let t(r) = r**3 + 24*r**2 + 22*r - 22. Calculate t(-23).
1
Let m(u) = -u**3 + 59*u**2 - 225*u + 268. Determine m(55).
-7
Let m(k) = k**3 + 14*k**2 + 7*k - 185. Determine m(-12).
19
Let l(c) = -15*c + 156. Calculate l(11).
-9
Let s(z) = -z**2 + 464*z - 38941. Calculate s(110).
-1
Let z(n) = -n**3 - 105*n**2 + 106*n + 81. What is z(-106)?
81
Let a(t) = t**3 - 55*t + 181. Determine a(5).
31
Let c(r) = 7*r + 335. Calculate c(-75).
-190
Let w(g) = -12*g**2 + 369*g + 1487. Give w(-4).
-181
Let r(x) = -10*x**2 - 97*x - 14. Determine r(-10).
-44
Let l(m) = -13*m - 14. Give l(-7).
77
Let l(q) = 9*q**2 + 55*q - 110. Give l(2).
36
Let n(k) = 3*k**2 + 331*k - 562. Calculate n(-112).
-2
Let g